ded by 43233?
149
What is the remainder when 5228192 is divided by 1045576?
312
What is the remainder when 2965906 is divided by 12?
10
Calculate the remainder when 70971 is divided by 7005.
921
What is the remainder when 76878418 is divided by 226?
224
Calculate the remainder when 21981466 is divided by 1091.
1089
Calculate the remainder when 150881 is divided by 10945.
8596
What is the remainder when 119771348 is divided by 25?
23
What is the remainder when 5855 is divided by 4973?
882
Calculate the remainder when 247763 is divided by 876.
731
What is the remainder when 113662 is divided by 27?
19
Calculate the remainder when 44614686 is divided by 4461458.
106
Calculate the remainder when 576029372 is divided by 2741.
2740
What is the remainder when 1943202 is divided by 1470?
1332
Calculate the remainder when 228981 is divided by 3881.
2
Calculate the remainder when 2125165 is divided by 5060.
5025
Calculate the remainder when 2561292 is divided by 368.
12
Calculate the remainder when 12754 is divided by 1408.
82
What is the remainder when 44198889 is divided by 444?
21
What is the remainder when 1334506 is divided by 60?
46
What is the remainder when 220537 is divided by 43645?
2312
What is the remainder when 13909 is divided by 5536?
2837
What is the remainder when 6266679 is divided by 329825?
4
Calculate the remainder when 39478 is divided by 1689.
631
What is the remainder when 255880854 is divided by 8254221?
3
Calculate the remainder when 1038073 is divided by 11161.
100
What is the remainder when 22978602 is divided by 675841?
8
Calculate the remainder when 26745222 is divided by 121569.
42
Calculate the remainder when 530988 is divided by 176795.
603
What is the remainder when 1889510488 is divided by 45?
43
What is the remainder when 5629831 is divided by 19?
17
What is the remainder when 6539843 is divided by 5860?
83
Calculate the remainder when 3420436 is divided by 663.
19
Calculate the remainder when 4660712 is divided by 137077.
94
What is the remainder when 68176 is divided by 9739?
3
Calculate the remainder when 313387 is divided by 698.
683
Calculate the remainder when 880081419 is divided by 10.
9
What is the remainder when 19683860 is divided by 4920965?
0
What is the remainder when 51034626 is divided by 19464?
18
Calculate the remainder when 119965607 is divided by 138.
137
What is the remainder when 166706314 is divided by 29?
17
What is the remainder when 184459967 is divided by 154?
153
Calculate the remainder when 9632723 is divided by 2382.
2297
What is the remainder when 63826812 is divided by 2837?
2823
What is the remainder when 284433 is divided by 266?
79
What is the remainder when 4636127 is divided by 8?
7
Calculate the remainder when 1799835 is divided by 3607.
3549
What is the remainder when 151542989 is divided by 3023?
3022
What is the remainder when 17742993 is divided by 1055?
3
What is the remainder when 83661 is divided by 83357?
304
Calculate the remainder when 4714714 is divided by 1571571.
1
What is the remainder when 1101989 is divided by 910?
889
Calculate the remainder when 93271 is divided by 10018.
3109
Calculate the remainder when 636979 is divided by 24490.
239
What is the remainder when 36447704 is divided by 157?
154
Calculate the remainder when 795642 is divided by 3684.
3582
What is the remainder when 5764849 is divided by 2882421?
7
Calculate the remainder when 3929425 is divided by 1309806.
7
Calculate the remainder when 1555627 is divided by 4970.
17
What is the remainder when 4935228 is divided by 265?
133
What is the remainder when 123015 is divided by 545?
390
Calculate the remainder when 582940992 is divided by 919.
912
What is the remainder when 24457 is divided by 3430?
447
What is the remainder when 261507 is divided by 28889?
1506
What is the remainder when 1655347 is divided by 9852?
211
Calculate the remainder when 40761008 is divided by 2397706.
6
Calculate the remainder when 53279 is divided by 3102.
545
Calculate the remainder when 144170 is divided by 28260.
2870
What is the remainder when 11312784 is divided by 2897?
2896
Calculate the remainder when 336700 is divided by 18.
10
What is the remainder when 18364874 is divided by 765198?
122
What is the remainder when 1007315 is divided by 7954?
5111
What is the remainder when 1653362 is divided by 108?
98
What is the remainder when 27130 is divided by 3467?
2861
What is the remainder when 487374 is divided by 1577?
81
Calculate the remainder when 6339072 is divided by 495.
102
What is the remainder when 272037 is divided by 14317?
14
What is the remainder when 373107 is divided by 124289?
240
Calculate the remainder when 585540 is divided by 4880.
4820
Calculate the remainder when 543875 is divided by 287.
10
What is the remainder when 38507081 is divided by 9634?
9617
Calculate the remainder when 208170 is divided by 146.
120
What is the remainder when 14863357 is divided by 2903?
2900
What is the remainder when 4467538 is divided by 1116879?
22
Calculate the remainder when 855644 is divided by 48.
44
What is the remainder when 708866 is divided by 8964?
710
What is the remainder when 101707 is divided by 33849?
160
What is the remainder when 24902426 is divided by 105?
101
Calculate the remainder when 11548568 is divided by 132.
20
What is the remainder when 986878 is divided by 14?
4
Calculate the remainder when 275609 is divided by 5985.
299
What is the remainder when 102019 is divided by 18449?
9774
Calculate the remainder when 26833956 is divided by 37530.
6
What is the remainder when 28626937 is divided by 57?
55
Calculate the remainder when 651705 is divided by 24137.
6
What is the remainder when 12671 is divided by 1918?
1163
Calculate the remainder when 1450383 is divided by 5217.
57
Calculate the remainder when 8194621 is divided by 2413.
73
What is the remainder when 93181390 is divided by 24?
22
What is the remainder when 19115072 is divided by 4778764?
16
Calculate the remainder when 2393470 is divided by 140792.
6
What is the remainder when 116221931 is divided by 38740643?
2
What is the remainder when 16884308 is divided by 1583?
30
Calculate the remainder when 3917311 is divided by 122415.
31
Calculate the remainder when 292454 is divided by 97484.
2
What is the remainder when 66089 is divided by 22023?
20
Calculate the remainder when 3361942 is divided by 1030.
22
What is the remainder when 11708750 is divided by 6182?
42
What is the remainder when 8229900 is divided by 369?
93
Calculate the remainder when 620693 is divided by 66.
29
What is the remainder when 240212 is divided by 26605?
767
Calculate the remainder when 2818823 is divided by 2324.
2135
Calculate the remainder when 5706654 is divided by 1001.
954
Calculate the remainder when 22642 is divided by 6432.
3346
What is the remainder when 64576674 is divided by 354?
348
Calculate the remainder when 6729819 is divided by 10.
9
Calculate the remainder when 1230429 is divided by 615176.
77
What is the remainder when 7340219 is divided by 4?
3
What is the remainder when 716820 is divided by 1078?
1028
Calculate the remainder when 3852831 is divided by 1926364.
103
What is the remainder when 35302453 is divided by 905191?
4
Calculate the remainder when 394677005 is divided by 2834.
2829
Calculate the remainder when 37993 is divided by 1939.
1152
Calculate the remainder when 164354389 is divided by 175.
164
What is the remainder when 24093355 is divided by 14?
13
What is the remainder when 4539034 is divided by 648433?
3
What is the remainder when 181556 is divided by 2910?
1136
Calculate the remainder when 33920259 is divided by 56.
51
Calculate the remainder when 1430175 is divided by 576.
543
Calculate the remainder when 399156 is divided by 267.
258
Calculate the remainder when 254346 is divided by 2102.
4
Calculate the remainder when 68457 is divided by 3.
0
What is the remainder when 509371 is divided by 897?
772
Calculate the remainder when 393874 is divided by 2896.
18
What is the remainder when 182074 is divided by 45504?
58
Calculate the remainder when 774802904 is divided by 599.
597
Calculate the remainder when 1071215 is divided by 857.
822
Calculate the remainder when 202320 is divided by 235.
220
What is the remainder when 1741